{"id":37,"date":"2017-11-08T16:08:52","date_gmt":"2017-11-08T15:08:52","guid":{"rendered":"https:\/\/www.the-escape-room.de\/hannover\/?page_id=37"},"modified":"2024-11-22T10:11:54","modified_gmt":"2024-11-22T09:11:54","slug":"haeufig-gestellte-fragen-faq","status":"publish","type":"page","link":"https:\/\/www.the-escape-room.de\/hannover\/haeufig-gestellte-fragen-faq\/","title":{"rendered":"H\u00e4ufig gestellte Fragen &#8211; FAQ"},"content":{"rendered":"<section class=\"l-section wpb_row height_small with_img parallax_fixed\"><div class=\"l-section-img\" style=\"background-image: url(https:\/\/www.the-escape-room.de\/hannover\/wp-content\/uploads\/sites\/2\/2017\/11\/faq-header-e1510153671887.jpg);background-repeat: no-repeat;\" data-img-width=\"1280\" data-img-height=\"1280\"><\/div><div class=\"l-section-h i-cf\"><div class=\"g-cols vc_row type_default valign_top\"><div class=\"vc_col-sm-2 wpb_column vc_column_container\"><div class=\"vc_column-inner\"><div class=\"wpb_wrapper\"><div class=\"w-separator size_custom\" style=\"height:32px\"><\/div><\/div><\/div><\/div><div class=\"vc_col-sm-8 wpb_column vc_column_container\"><div class=\"vc_column-inner\"><div class=\"wpb_wrapper\"><div class=\"wpb_text_column us_custom_aee78b84\" ><div class=\"wpb_wrapper\"><h1 style=\"text-align: center;\">H\u00e4ufig gestellte Fragen &#8211; FAQ<\/h1>\n<h2 style=\"text-align: center;\">Du hast Fragen zu The\u00a0Escape Room in Hannover?<\/h2>\n<h2 style=\"text-align: center;\">Hier gibt es Antworten.<\/h2>\n<\/div><\/div><div class=\"w-tabs style_default switch_click accordion has_scrolling title_atleft icon_chevron iconpos_right\"><div class=\"w-tabs-sections\"><div class=\"w-tabs-sections-h\"><div class=\"w-tabs-section active has_text_color\" id=\"1510152460605-3b65e681-0d5f\" style=\"background:#a60300;color:#ffffff;\"><button class=\"w-tabs-section-header active\" aria-controls=\"content-1510152460605-3b65e681-0d5f\"><div class=\"w-tabs-section-header-h\"><div class=\"w-tabs-section-title\">Kann ich kurzfristig einen Raum buchen?<\/div><div class=\"w-tabs-section-control\"><\/div><\/div><\/button><div class=\"w-tabs-section-content\" id=\"content-1510152460605-3b65e681-0d5f\" aria-expanded=\"true\"><div class=\"w-tabs-section-content-h i-cf\"><div class=\"wpb_text_column\" ><div class=\"wpb_wrapper\"><p>Da es sich bei uns um Live Events handelt, k\u00f6nnen unsere R\u00e4ume grunds\u00e4tzlich nur bis zu 24 Stunden vor Spielbeginn online gebucht werden.<br \/>\nKurzfristige Buchungen, die in weniger als 24 Stunden vor Spielbeginn stattfinden sollen, k\u00f6nnen nur per Telefon oder E-Mail angefragt werden. Wir pr\u00fcfen dann, ob eine spontane Buchung m\u00f6glich ist und melden uns sobald wie m\u00f6glich zur\u00fcck.<br \/>\nBitte beachte dabei, dass unsere \u00d6ffnungszeiten sich nach der Buchungslage richten und unser Gesch\u00e4ft daher nicht immer besetzt ist.<\/p>\n<\/div><\/div><\/div><\/div><\/div><div class=\"w-tabs-section has_text_color\" id=\"1510150113287-f551580f-8ed3\" style=\"background:#be2b2c;color:#ffffff;\"><button class=\"w-tabs-section-header\" aria-controls=\"content-1510150113287-f551580f-8ed3\"><div class=\"w-tabs-section-header-h\"><div class=\"w-tabs-section-title\">Altersbeschr\u00e4nkung?<\/div><div class=\"w-tabs-section-control\"><\/div><\/div><\/button><div class=\"w-tabs-section-content\" id=\"content-1510150113287-f551580f-8ed3\" aria-expanded=\"false\"><div class=\"w-tabs-section-content-h i-cf\"><div class=\"wpb_text_column\" ><div class=\"wpb_wrapper\"><p>Es gibt keine Altersbeschr\u00e4nkung. Wir stellen jedoch fest, dass Spieler \u00fcber 12 Jahre alt sein sollten, um das Spiel richtig zu erleben. Bitte beachte, dass Spieler unter 14 Jahren von mindestens einem Erwachsenen begleitet werden m\u00fcssen.<\/p>\n<\/div><\/div><\/div><\/div><\/div><div class=\"w-tabs-section has_text_color\" id=\"1563971841125-723343d9-87a1\" style=\"background:#a60300;color:#ffffff;\"><button class=\"w-tabs-section-header\" aria-controls=\"content-1563971841125-723343d9-87a1\"><div class=\"w-tabs-section-header-h\"><div class=\"w-tabs-section-title\">Wie viel Zeit m\u00fcssen wir einplanen?<\/div><div class=\"w-tabs-section-control\"><\/div><\/div><\/button><div class=\"w-tabs-section-content\" id=\"content-1563971841125-723343d9-87a1\" aria-expanded=\"false\"><div class=\"w-tabs-section-content-h i-cf\"><div class=\"wpb_text_column\" ><div class=\"wpb_wrapper\"><p><span style=\"font-weight: 400;\">Ihr bekommt vor dem Spiel eine Einf\u00fchrung, daher m\u00fcsst ihr 15 Minuten vor dem Spielbeginn bei uns sein. Im Anschluss habt ihr 60 Minuten Zeit, aus dem Raum zu entkommen. Insgesamt solltet ihr daher mindestens 75 Minuten einplanen.<\/span><\/p>\n<\/div><\/div><\/div><\/div><\/div><div class=\"w-tabs-section has_text_color\" id=\"1525250814610-bd0ea2a7-b0aa\" style=\"background:#be2b2c;color:#ffffff;\"><button class=\"w-tabs-section-header\" aria-controls=\"content-1525250814610-bd0ea2a7-b0aa\"><div class=\"w-tabs-section-header-h\"><div class=\"w-tabs-section-title\">Wie kann man einen Raum buchen?<\/div><div class=\"w-tabs-section-control\"><\/div><\/div><\/button><div class=\"w-tabs-section-content\" id=\"content-1525250814610-bd0ea2a7-b0aa\" aria-expanded=\"false\"><div class=\"w-tabs-section-content-h i-cf\"><div class=\"wpb_text_column\" ><div class=\"wpb_wrapper\"><p><span style=\"font-weight: 400;\">Die Buchung ist hier auf der Website \u00fcber den Reiter \u201cBuchen\u201d m\u00f6glich. Hier k\u00f6nnt ihr R\u00e4ume bis zu 24 Stunden vor dem Spieltermin buchen. Sollte spontanes Interesse bestehen, k\u00f6nnt Ihr telefonisch freie Spielterminen erfragen.<\/span><\/p>\n<p>\u202d0511 \/ 51526030<\/p>\n<\/div><\/div><\/div><\/div><\/div><div class=\"w-tabs-section has_text_color\" id=\"1510152506192-b9bfe9c6-f413\" style=\"background:#a60300;color:#ffffff;\"><button class=\"w-tabs-section-header\" aria-controls=\"content-1510152506192-b9bfe9c6-f413\"><div class=\"w-tabs-section-header-h\"><div class=\"w-tabs-section-title\">Wie kann man bei euch bezahlen?<\/div><div class=\"w-tabs-section-control\"><\/div><\/div><\/button><div class=\"w-tabs-section-content\" id=\"content-1510152506192-b9bfe9c6-f413\" aria-expanded=\"false\"><div class=\"w-tabs-section-content-h i-cf\"><div class=\"wpb_text_column\" ><div class=\"wpb_wrapper\"><p><span style=\"font-weight: 400;\">Ausschlie\u00dflich per EC- und Kreditkarte. Firmenkunden k\u00f6nnen auf Rechnung bezahlen.<\/span><\/p>\n<\/div><\/div><\/div><\/div><\/div><div class=\"w-tabs-section has_text_color\" id=\"1525250852546-caab5138-f8f7\" style=\"background:#be2b2c;color:#ffffff;\"><button class=\"w-tabs-section-header\" aria-controls=\"content-1525250852546-caab5138-f8f7\"><div class=\"w-tabs-section-header-h\"><div class=\"w-tabs-section-title\">Wie kann ein gebuchter Termin storniert oder verlegt werden?<\/div><div class=\"w-tabs-section-control\"><\/div><\/div><\/button><div class=\"w-tabs-section-content\" id=\"content-1525250852546-caab5138-f8f7\" aria-expanded=\"false\"><div class=\"w-tabs-section-content-h i-cf\"><div class=\"wpb_text_column\" ><div class=\"wpb_wrapper\"><p><span style=\"font-weight: 400;\">Ihr k\u00f6nnt eine Flex-Tarif-Buchung bis zu 48 Stunden vor eurem Spieltermin kostenfrei stornieren. Dazu k\u00f6nnt ihr das Kontaktformular nutzen oder gerne bei uns anrufen. Der Spartarif ist nach Abschluss der Buchung aus planungstechnischen Gr\u00fcnden nicht stornierbar. Innerhalb der 48 Stunden ist eine kostenfreie Stornierung also bei beiden Tarifen nicht mehr m\u00f6glich.<\/span><\/p>\n<\/div><\/div><\/div><\/div><\/div><div class=\"w-tabs-section has_text_color\" id=\"1510152351638-fff3bdee-e139\" style=\"background:#a60300;color:#ffffff;\"><button class=\"w-tabs-section-header\" aria-controls=\"content-1510152351638-fff3bdee-e139\"><div class=\"w-tabs-section-header-h\"><div class=\"w-tabs-section-title\">Wird der Raum tats\u00e4chlich abgeschlossen?<\/div><div class=\"w-tabs-section-control\"><\/div><\/div><\/button><div class=\"w-tabs-section-content\" id=\"content-1510152351638-fff3bdee-e139\" aria-expanded=\"false\"><div class=\"w-tabs-section-content-h i-cf\"><div class=\"wpb_text_column\" ><div class=\"wpb_wrapper\"><p>NEIN! Die T\u00fcren unserer R\u00e4ume werden zwar GEschlossen aber nicht VERschlossen. Unsere R\u00e4ume lassen sich demnach jederzeit von innen UND au\u00dfen \u00f6ffnen. Dazu gibt es in jedem Raum Notschalter oder Vorrichtungen, die im Notfall bet\u00e4tigt werden k\u00f6nnen. Zudem werdet Ihr w\u00e4hrend des Spiels von einem\/r unserer Mitarbeiter\/innen beobachtet, welche(r) im Notfall eingreifen kann.<\/p>\n<\/div><\/div><\/div><\/div><\/div><div class=\"w-tabs-section has_text_color\" id=\"1525250918117-e9f256b6-48bb\" style=\"background:#be2b2c;color:#ffffff;\"><button class=\"w-tabs-section-header\" aria-controls=\"content-1525250918117-e9f256b6-48bb\"><div class=\"w-tabs-section-header-h\"><div class=\"w-tabs-section-title\">Was ist die maximale Anzahl an Spielern in einem Raum?<\/div><div class=\"w-tabs-section-control\"><\/div><\/div><\/button><div class=\"w-tabs-section-content\" id=\"content-1525250918117-e9f256b6-48bb\" aria-expanded=\"false\"><div class=\"w-tabs-section-content-h i-cf\"><div class=\"wpb_text_column\" ><div class=\"wpb_wrapper\"><p>Die maximale Anzahl an Spieler*innen ist in allen Spielr\u00e4umen auf 6 Personen begrenzt. Solltet ihr mit mehr als 6 Personen spielen wollen, empfehlen wir, einfach einen weiteren Spielraum im selben Zeitraum zu buchen. In einzelnen F\u00e4llen k\u00f6nnen wir auch Spiele mit 7-8 Personen in einem Spielraum anbieten. Meldet euch daf\u00fcr telefonisch oder per Mail. Wir beraten euch gerne!<\/p>\n<\/div><\/div><\/div><\/div><\/div><div class=\"w-tabs-section has_text_color\" id=\"1525250935078-a5c19174-65aa\" style=\"background:#a60300;color:#ffffff;\"><button class=\"w-tabs-section-header\" aria-controls=\"content-1525250935078-a5c19174-65aa\"><div class=\"w-tabs-section-header-h\"><div class=\"w-tabs-section-title\">Gibt es die M\u00f6glichkeit sich bei euch vor oder nach dem Spiel noch aufzuhalten?<\/div><div class=\"w-tabs-section-control\"><\/div><\/div><\/button><div class=\"w-tabs-section-content\" id=\"content-1525250935078-a5c19174-65aa\" aria-expanded=\"false\"><div class=\"w-tabs-section-content-h i-cf\"><div class=\"wpb_text_column\" ><div class=\"wpb_wrapper\"><p><span style=\"font-weight: 400;\">Wir sind darauf ausgelegt eurer Gruppe ein einzigartiges Escape Room Erlebnis zu bieten. Dar\u00fcber hinaus haben wir leider keine M\u00f6glichkeiten euch einen l\u00e4ngeren Aufenthalt zu erm\u00f6glichen. Durch die zentrale Lage unseres Escape Rooms gibt es allerdings eine reichhaltige Auswahl an verschiedenen Bars und Restaurants in unmittelbarer Umgebung.<\/span><\/p>\n<\/div><\/div><\/div><\/div><\/div><\/div><\/div><\/div><div class=\"wpb_text_column us_custom_6fa5e9aa\" ><div class=\"wpb_wrapper\"><h2 style=\"text-align: center;\">Frage nicht beantwortet?<br \/>\nDann nutze unser Kontaktformular!<\/h2>\n<\/div><\/div><\/div><\/div><\/div><div class=\"vc_col-sm-2 wpb_column vc_column_container\"><div class=\"vc_column-inner\"><div class=\"wpb_wrapper\"><div class=\"w-separator size_custom\" style=\"height:32px\"><\/div><\/div><\/div><\/div><div class=\"vc_col-sm-12 wpb_column vc_column_container\"><div class=\"vc_column-inner\"><div class=\"wpb_wrapper\"><div class=\"g-cols wpb_row  type_default valign_top vc_inner\"><div class=\"vc_col-sm-3 wpb_column vc_column_container\"><div class=\"vc_column-inner\"><div class=\"wpb_wrapper\"><div class=\"w-separator size_custom\" style=\"height:32px\"><\/div><\/div><\/div><\/div><div class=\"vc_col-sm-6 wpb_column vc_column_container\"><div class=\"vc_column-inner\"><div class=\"wpb_wrapper\"><div role=\"form\" class=\"wpcf7\" id=\"wpcf7-f10-o1\" lang=\"de-DE\" dir=\"ltr\">\n<div class=\"screen-reader-response\" role=\"alert\" aria-live=\"polite\"><\/div>\n<form action=\"\/hannover\/wp-json\/wp\/v2\/pages\/37#wpcf7-f10-o1\" method=\"post\" class=\"wpcf7-form init\" novalidate=\"novalidate\">\n<div style=\"display: none;\">\n<input type=\"hidden\" name=\"_wpcf7\" value=\"10\" \/>\n<input type=\"hidden\" name=\"_wpcf7_version\" value=\"5.2.2\" \/>\n<input type=\"hidden\" name=\"_wpcf7_locale\" value=\"de_DE\" \/>\n<input type=\"hidden\" name=\"_wpcf7_unit_tag\" value=\"wpcf7-f10-o1\" \/>\n<input type=\"hidden\" name=\"_wpcf7_container_post\" value=\"0\" \/>\n<input type=\"hidden\" name=\"_wpcf7_posted_data_hash\" value=\"\" \/>\n<\/div>\n<div class=\"vc_col-sm-6 k-form\"><span class=\"wpcf7-form-control-wrap vorname\"><input type=\"text\" name=\"vorname\" value=\"\" size=\"40\" class=\"wpcf7-form-control wpcf7-text wpcf7-validates-as-required\" aria-required=\"true\" aria-invalid=\"false\" placeholder=\"Vorname*\" \/><\/span><\/div>\n<div class=\"vc_col-sm-6 k-form\"><span class=\"wpcf7-form-control-wrap nachname\"><input type=\"text\" name=\"nachname\" value=\"\" size=\"40\" class=\"wpcf7-form-control wpcf7-text wpcf7-validates-as-required\" aria-required=\"true\" aria-invalid=\"false\" placeholder=\"Nachname*\" \/><\/span><\/div>\n<div><span class=\"wpcf7-form-control-wrap your-email\"><input type=\"email\" name=\"your-email\" value=\"\" size=\"40\" class=\"wpcf7-form-control wpcf7-text wpcf7-email wpcf7-validates-as-required wpcf7-validates-as-email\" aria-required=\"true\" aria-invalid=\"false\" placeholder=\"Mail*\" \/><\/span><\/div>\n<div><span class=\"wpcf7-form-control-wrap telefon\"><input type=\"tel\" name=\"telefon\" value=\"\" size=\"40\" class=\"wpcf7-form-control wpcf7-text wpcf7-tel wpcf7-validates-as-required wpcf7-validates-as-tel\" aria-required=\"true\" aria-invalid=\"false\" placeholder=\"Telefon*\" \/><\/span><\/div>\n<div><span class=\"wpcf7-form-control-wrap event\"><input type=\"text\" name=\"event\" value=\"\" size=\"40\" class=\"wpcf7-form-control wpcf7-text\" aria-invalid=\"false\" placeholder=\"F\u00fcr welches Event interessierst du dich?\" \/><\/span><\/div>\n<div><span class=\"wpcf7-form-control-wrap your-message\"><textarea name=\"your-message\" cols=\"40\" rows=\"4\" class=\"wpcf7-form-control wpcf7-textarea wpcf7-validates-as-required\" aria-required=\"true\" aria-invalid=\"false\" placeholder=\"Nachricht*\"><\/textarea><\/span><\/div>\n<div style=\"margin-top:10px\"><span class=\"wpcf7-form-control-wrap your-consent\"><span class=\"wpcf7-form-control wpcf7-acceptance\"><span class=\"wpcf7-list-item\"><label><input type=\"checkbox\" name=\"your-consent\" value=\"1\" aria-invalid=\"false\" \/><span class=\"wpcf7-list-item-label\">Ich habe die <a href=\"https:\/\/www.the-escape-room.de\/hannover\/datenschutzerklaerung\/\" target=\"_blank\">Datenschutzerkl\u00e4rung<\/a> zur Kenntnis genommen. Ich stimme zu, dass meine Angaben zur Kontaktaufnahme und f\u00fcr R\u00fcckfragen gespeichert werden.<\/span><\/label><\/span><\/span><\/span><\/div>\n<div style=\"text-align: center;color:#ffffff; margin:10px;\"><input type=\"submit\" value=\"Nachricht senden\" class=\"wpcf7-form-control wpcf7-submit\" \/><\/div>\n<div class=\"wpcf7-response-output\" role=\"alert\" aria-hidden=\"true\"><\/div><\/form><\/div><\/div><\/div><\/div><div class=\"vc_col-sm-3 wpb_column vc_column_container\"><div class=\"vc_column-inner\"><div class=\"wpb_wrapper\"><div class=\"w-separator size_custom\" style=\"height:32px\"><\/div><\/div><\/div><\/div><\/div><\/div><\/div><\/div><\/div><\/div><\/section><!-- Row Backgrounds -->\n","protected":false},"excerpt":{"rendered":"H\u00e4ufig gestellte Fragen &#8211; FAQ Du hast Fragen zu The\u00a0Escape Room in Hannover? Hier gibt es Antworten. Kann ich kurzfristig einen Raum buchen?Da es sich bei uns um Live Events handelt, k\u00f6nnen unsere R\u00e4ume grunds\u00e4tzlich nur bis zu 24 Stunden vor Spielbeginn online gebucht werden. Kurzfristige Buchungen, die in weniger als 24 Stunden vor Spielbeginn...","protected":false},"author":1,"featured_media":0,"parent":0,"menu_order":0,"comment_status":"closed","ping_status":"closed","template":"","meta":[],"yoast_head":"<!-- This site is optimized with the Yoast SEO plugin v15.0 - https:\/\/yoast.com\/wordpress\/plugins\/seo\/ -->\n<title>H\u00e4ufig gestellte Fragen - FAQ - THE ESCAPE ROOM | Hannover<\/title>\n<meta name=\"description\" content=\"Du hast Fragen rund um das Escape Room Erlebnis? \u2705 Auf dieser Seite findest du Antworten auf h\u00e4ufige Fragen. \u27a4 Nutze das Kontaktformular f\u00fcr weitere Fragen.\" \/>\n<meta name=\"robots\" content=\"index, follow, max-snippet:-1, max-image-preview:large, max-video-preview:-1\" \/>\n<link rel=\"canonical\" href=\"https:\/\/www.the-escape-room.de\/hannover\/haeufig-gestellte-fragen-faq\/\" \/>\n<meta property=\"og:locale\" content=\"de_DE\" \/>\n<meta property=\"og:type\" content=\"article\" \/>\n<meta property=\"og:title\" content=\"H\u00e4ufig gestellte Fragen - FAQ - THE ESCAPE ROOM | Hannover\" \/>\n<meta property=\"og:description\" content=\"Du hast Fragen rund um das Escape Room Erlebnis? \u2705 Auf dieser Seite findest du Antworten auf h\u00e4ufige Fragen. \u27a4 Nutze das Kontaktformular f\u00fcr weitere Fragen.\" \/>\n<meta property=\"og:url\" content=\"https:\/\/www.the-escape-room.de\/hannover\/haeufig-gestellte-fragen-faq\/\" \/>\n<meta property=\"og:site_name\" content=\"THE ESCAPE ROOM | Hannover\" \/>\n<meta property=\"article:modified_time\" content=\"2024-11-22T09:11:54+00:00\" \/>\n<meta name=\"twitter:card\" content=\"summary_large_image\" \/>\n<script type=\"application\/ld+json\" class=\"yoast-schema-graph\">{\"@context\":\"https:\/\/schema.org\",\"@graph\":[{\"@type\":\"WebSite\",\"@id\":\"https:\/\/www.the-escape-room.de\/hannover\/#website\",\"url\":\"https:\/\/www.the-escape-room.de\/hannover\/\",\"name\":\"THE ESCAPE ROOM | Hannover\",\"description\":\"Das Spiel gegen die Zeit! \\u2705 Authentische R\\u00e4ume mit viel \\u2665 zum Detail. Das besondere Abenteuer f\\u00fcr Freunde, Familie und Kollegen.\",\"potentialAction\":[{\"@type\":\"SearchAction\",\"target\":\"https:\/\/www.the-escape-room.de\/hannover\/?s={search_term_string}\",\"query-input\":\"required name=search_term_string\"}],\"inLanguage\":\"de\"},{\"@type\":\"WebPage\",\"@id\":\"https:\/\/www.the-escape-room.de\/hannover\/haeufig-gestellte-fragen-faq\/#webpage\",\"url\":\"https:\/\/www.the-escape-room.de\/hannover\/haeufig-gestellte-fragen-faq\/\",\"name\":\"H\\u00e4ufig gestellte Fragen - FAQ - THE ESCAPE ROOM | Hannover\",\"isPartOf\":{\"@id\":\"https:\/\/www.the-escape-room.de\/hannover\/#website\"},\"datePublished\":\"2017-11-08T15:08:52+00:00\",\"dateModified\":\"2024-11-22T09:11:54+00:00\",\"description\":\"Du hast Fragen rund um das Escape Room Erlebnis? \\u2705 Auf dieser Seite findest du Antworten auf h\\u00e4ufige Fragen. \\u27a4 Nutze das Kontaktformular f\\u00fcr weitere Fragen.\",\"inLanguage\":\"de\",\"potentialAction\":[{\"@type\":\"ReadAction\",\"target\":[\"https:\/\/www.the-escape-room.de\/hannover\/haeufig-gestellte-fragen-faq\/\"]}]}]}<\/script>\n<!-- \/ Yoast SEO plugin. -->","_links":{"self":[{"href":"https:\/\/www.the-escape-room.de\/hannover\/wp-json\/wp\/v2\/pages\/37"}],"collection":[{"href":"https:\/\/www.the-escape-room.de\/hannover\/wp-json\/wp\/v2\/pages"}],"about":[{"href":"https:\/\/www.the-escape-room.de\/hannover\/wp-json\/wp\/v2\/types\/page"}],"author":[{"embeddable":true,"href":"https:\/\/www.the-escape-room.de\/hannover\/wp-json\/wp\/v2\/users\/1"}],"replies":[{"embeddable":true,"href":"https:\/\/www.the-escape-room.de\/hannover\/wp-json\/wp\/v2\/comments?post=37"}],"version-history":[{"count":10,"href":"https:\/\/www.the-escape-room.de\/hannover\/wp-json\/wp\/v2\/pages\/37\/revisions"}],"predecessor-version":[{"id":1083,"href":"https:\/\/www.the-escape-room.de\/hannover\/wp-json\/wp\/v2\/pages\/37\/revisions\/1083"}],"wp:attachment":[{"href":"https:\/\/www.the-escape-room.de\/hannover\/wp-json\/wp\/v2\/media?parent=37"}],"curies":[{"name":"wp","href":"https:\/\/api.w.org\/{rel}","templated":true}]}}